 (base 14) to base 2
-1011001101000
3300 (base 5) to base 3
121200
36156 (base 7) to base 5
244401
12cc5 (base 14) to base 11
31979
Convert -1491 (base 13) to base 10.
-2991
What is -2384 (base 9) in base 13?
-a69
What is 4b8 (base 12) in base 15?
32b
-1000010011001111 (base 2) to base 5
-2041444
Convert 3384 (base 9) to base 4.
213022
What is -233312 (base 4) in base 9?
-4172
What is -439 (base 11) in base 14?
-298
What is -c443 (base 14) in base 16?
-83eb
61 (base 16) to base 2
1100001
What is -232234 (base 7) in base 9?
-63081
Convert 200 (base 10) to base 2.
11001000
What is -323213 (base 4) in base 7?
-14060
Convert -22121122 (base 3) to base 10.
-6281
What is 1052 (base 10) in base 2?
10000011100
Convert -12012 (base 4) to base 8.
-606
What is -2002222222 (base 3) in base 9?
-62888
Convert 2161 (base 7) to base 12.
54a
What is 101 (base 14) in base 15?
d2
Convert -eb (base 15) to base 3.
-22012
Convert 1110011110 (base 2) to base 15.
41b
6a46 (base 12) to base 4
2321112
3699 (base 15) to base 12
6883
What is 123550 (base 6) in base 3?
120101210
Convert 6242 (base 7) to base 3.
2222222
-16c7 (base 13) to base 11
-2598
101101 (base 3) to base 7
550
What is 1734 (base 10) in base 12?
1006
Convert -23122 (base 5) to base 11.
-1281
What is 31023 (base 4) in base 9?
1136
Convert -1031230 (base 4) to base 2.
-1001101101100
Convert 1378 (base 13) to base 9.
3754
1100010201 (base 3) to base 8
63350
What is -221300 (base 6) in base 8?
-44044
Convert -11066 (base 8) to base 11.
-3559
2366 (base 8) to base 15
59a
What is -125331 (base 7) in base 16?
-5bc5
What is 6357 (base 8) in base 14?
12c7
Convert 222302 (base 4) to base 3.
10202102
Convert 7c42 (base 14) to base 3.
1002122200
Convert 42111 (base 10) to base 16.
a47f
-1032 (base 8) to base 2
-1000011010
What is -41314 (base 8) in base 5?
-1021400
What is b445 (base 14) in base 9?
46506
Convert -221112210 (base 3) to base 8.
-44300
What is -5064 (base 8) in base 10?
-2612
Convert 247c (base 13) to base 10.
5173
Convert 1364 (base 9) to base 5.
13110
Convert -100100011001 (base 2) to base 13.
-10a2
Convert -42c (base 14) to base 5.
-11244
What is -22111221 (base 3) in base 6?
-44424
What is 23645 (base 11) in base 2?
1000010100000010
What is -402 (base 12) in base 4?
-21002
808 (base 9) to base 16
290
What is -4 (base 14) in base 9?
-4
-19932 (base 10) to base 2
-100110111011100
Convert 102202120 (base 3) to base 5.
233244
What is -76d (base 16) in base 3?
-2121102
6de (base 15) to base 6
11115
-103002 (base 5) to base 11
-26a4
What is -315 (base 10) in base 7?
-630
Convert -2034 (base 7) to base 3.
-222100
What is 625b (base 13) in base 14?
4d52
-30f (base 16) to base 8
-1417
1444 (base 6) to base 4
12010
What is 34 (base 6) in base 16?
16
Convert 25868 (base 10) to base 15.
79e8
Convert -229 (base 14) to base 10.
-429
What is 130310 (base 4) in base 9?
2468
Convert 28f (base 16) to base 14.
34b
What is -37e (base 15) in base 2?
-1100011010
Convert 82 (base 12) to base 8.
142
Convert -10050 (base 8) to base 7.
-15026
436 (base 15) to base 7
2526
-136114 (base 7) to base 9
-38751
Convert -111010100 (base 2) to base 9.
-570
1425 (base 6) to base 3
111222
What is -570 (base 16) in base 7?
-4026
-311030 (base 4) to base 16
-d4c
Convert -124 (base 5) to base 3.
-1110
Convert 3107 (base 9) to base 8.
4343
-10010011110 (base 2) to base 15
-53c
Convert 101221 (base 4) to base 5.
14004
Convert -2839 (base 10) to base 12.
-1787
Convert 32412 (base 5) to base 15.
9dc
What is 342 (base 15) in base 6?
3225
Convert -6c (base 13) to base 12.
-76
-173 (base 15) to base 2
-101001101
Convert 202 (base 13) to base 2.
101010100
Convert -643 (base 8) to base 6.
-1535
What is -26154 (base 8) in base 14?
-4204
Convert 232111 (base 4) to base 3.
11001211
Convert 20134 (base 7) to base 9.
6617
-15311 (base 7) to base 2
-1000010101111
What is 13033 (base 9) in base 3?
110001010
Convert -110000 (base 3) to base 4.
-11010
-1101011001000 (base 2) to base 15
-2071
-607 (base 13) to base 5
-13041
30567 (base 9) to base 8
47265
Convert -101021110 (base 3) to base 10.
-7491
Convert -510 (base 9) to base 10.
-414
-20dd (base 16) to base 2
-10000011011101
Convert -1101101110 (base 2) to base 16.
-36e
What is 542 (base 6) in base 2?
11001110
Convert 21442 (base 5) to base 9.
2043
Convert -3401 (base 10) to base 16.
-d49
What is -265 (base 14) in base 15?
-221
Convert -5751 (base 9) to base 13.
-1c27
3151 (base 7) to base 15
4e4
Convert 101100001 (base 2) to base 16.
161
What is -541 (base 6) in base 10?
-205
220231 (base 4) to base 7
10411
-147b (base 12) to base 10
-2399
What is 263 (base 10) in base 11?
21a
Convert 23a (base 12) to base 11.
284
What is -3a5 (base 16) in base 5?
-12213
Convert -b62b (base 13) to base 2.
-110001010000010
What is 51323 (base 6) in base 16?
1aa3
What is 362 (base 12) in base 7?
1322
What is -1227 (base 12) in base 16?
-7ff
What is 13100 (base 4) in base 10?
464
What is -13619 (base 12) in base 3?
-1100202210
Convert -2301231 (base 4) to base 8.
-26155
Convert 1000 (base 7) to base 16.
157
-844a (base 12) to base 6
-150534
Convert 100110000011 (base 2) to base 5.
34220
What is 355 (base 7) in base 3?
20221
-10001101001100 (base 2) to base 9
-13350
-1220110 (base 4) to base 15
-1ea1
What is -4546 (base 12) in base 4?
-1320012
Convert -9001 (base 11) to base 3.
-121102201
Convert -14513 (base 6) to base 14.
-bdb
What is 1101100111111 (base 2) in base 8?
15477
Convert -1115153 (base 6) to base 10.
-56877
Convert -603 (base 15) to base 7.
-3642
3113 (base 5) to base 7
1122
What is 1080 (base 16) in base 15?
13b9
What is 44117 (base 8) in base 13?
856c
10545 (base 10) to base 15
31d0
What is -3412 (base 6) in base 2?
-1100100000
-2262 (base 9) to base 15
-76b
-144a (base 12) to base 15
-a77
4c14 (base 14) to base 12
7882
-3c6e (base 16) to base 12
-8b52
Convert -10100010 (base 2) to base 11.
-138
1122 (base 7) to base 15
1c3
Convert -426c (base 15) to base 12.
-8170
What is 63d3 (base 15) in base 14?
79ab
Convert -213 (base 16) to base 15.
-256
1870a (base 11) to base 3
1022212101
What is 197 (base 10) in base 4?
3011
103134 (base 5) to base 8
6730
Convert -10010111000 (base 2) to base 6.
-5332
What is 123031 (base 5) in base 2?
1001010011110
1220 (base 7) to base 12
31b
Convert -58d0 (base 15) to base 10.
-18870
Convert 4064 (base 8) to base 14.
aa0
131762 (base 8) to base 12
227aa
Convert 200001210 (base 3) to base 15.
3d80
Convert 9c (base 14) to base 9.
163
Convert 10ba (base 12) to base 6.
12354
-4aa (base 16) to base 13
-70b
24214 (base 7) to base 13
2b24
-1202101 (base 3) to base 6
-5531
What is 356614 (base 7) in base 9?
107777
What is -45 (base 15) in base 6?
-145
-425e (base 16) to base 11
-11846
What is -104414 (base 7) in base 12?
-a782
2122201002 (base 3) to base 4
30300302
Convert -3776 (base 9) to base 6.
-21023
What is 110000000101111 (base 2) in base 8?
60057
-10069 (base 16) to base 6
-1223521
What is 32766 (base 8) in base 13?
6398
What is 783 (base 11) in base 7?
2510
Convert 265 (base 10) to base 15.
12a
-12212 (base 3) to base 13
-c2
What is 2692 (base 14) in base 4?
1222020
Convert -12961 (base 12) to base 4.
-12033121
Convert 64a (base 11) to base 13.
480
What is 24417 (base 12) in base 5?
3031404
-40361 (base 11) to base 7
-333665
-26b6 (base 12) to base 6
-32350
2094 (base 11) to base 14
1017
What is -2d2 (base 14) in base 11?
-484
What is -3213 (base 9) in base 10?
-2361
111010100 (base 2) to base 7
1236
-120 (base 15) to base 3
-100110
Convert -10472 (base 8) to base 13.
-2013
What is 5502 (base 9) in base 12?
2418
Convert 46987 (base 10) to base 13.
18505
-17a6 (base 12) to base 16
-b2e
What is -3440 (base 5) in base 12?
-353
What is 35b (base 16) in base 9?
1154
What is -1011011100001 (base 2) in base 8?
-13341
What is 162545 (base 7) in base 12?
16755
-212544 (base 6) to base 14
-6532
What is -531 (base 13) in base 12?
-619
354140 (base 6) to base 4
13200030
1010100101000 (base 2) to base 11
4084
What is 5897 (base 11) in base 7?
31351
22302112 (base 4) to base 10
44182
-540 (base 8) to base 3
-111001
What is 410 (base 9) in base 6?
1313
What is 312 (base 9) in base 14?
142
-4c41 (base 13) to base 10
-10869
Convert -131 (base 6) to base 16.
-37
Convert 206 (base 11) to b